{"id":795,"date":"2021-08-11T20:03:30","date_gmt":"2021-08-11T20:03:30","guid":{"rendered":"https:\/\/aral.com.mx\/?post_type=product&#038;p=795"},"modified":"2021-08-11T20:03:31","modified_gmt":"2021-08-11T20:03:31","slug":"nutri-colageno-aclarador","status":"publish","type":"product","link":"https:\/\/aral.com.mx\/index.php\/product\/nutri-colageno-aclarador\/","title":{"rendered":"Nutri Col\u00e1geno Aclarador"},"content":{"rendered":"<p>En este col\u00e1geno te brindamos un potente activo de avena coloidal el cual tiene diferentes aportaciones; controla la grasa, entrega una capa humectante, evita que los poros se dilaten ayudando tambi\u00e9n a eliminar imperfecciones, es recuperador de tono, si tu piel ya tomo por el sol un color mas intenso. Sum\u00e1ndole a todo Io mencionado la reparaci\u00f3n y regeneraci\u00f3n que aporta nuestro poderoso col\u00e1geno y nuestros antioxidantes que ayudan a regenerar nuestras c\u00e9lulas, haciendo de este un producto sumamente complete que te va a enamorar.<\/p>\n<p>&nbsp;<\/p>\n<p><strong>INGREDIENTES<\/strong><\/p>\n<p>Col\u00e1geno hidrolizado, Elastina, Avena Coloidal, Vitamina A, E y C, Uvinol A plus, Gatuline\u00ae, Antioxidantes, Ceramidas<\/p>\n<p>&nbsp;<\/p>\n<p><strong>USO RECOMENDADO<\/strong><\/p>\n<p>Aplicar durante el d\u00eda y tarde en zonas del rostro, cuello y manos. Contiene un FPS 20.<\/p>\n","protected":false},"excerpt":{"rendered":"<p>CONT. 100ML<\/p>\n<p>ENVASE <strong>AIRLESS<\/strong><\/p>\n","protected":false},"featured_media":796,"template":"","meta":[],"product_cat":[29],"product_tag":[],"class_list":["post-795","product","type-product","status-publish","has-post-thumbnail","hentry","product_cat-reparacion-y-regeneracion"],"_links":{"self":[{"href":"https:\/\/aral.com.mx\/index.php\/wp-json\/wp\/v2\/product\/795"}],"collection":[{"href":"https:\/\/aral.com.mx\/index.php\/wp-json\/wp\/v2\/product"}],"about":[{"href":"https:\/\/aral.com.mx\/index.php\/wp-json\/wp\/v2\/types\/product"}],"wp:featuredmedia":[{"embeddable":true,"href":"https:\/\/aral.com.mx\/index.php\/wp-json\/wp\/v2\/media\/796"}],"wp:attachment":[{"href":"https:\/\/aral.com.mx\/index.php\/wp-json\/wp\/v2\/media?parent=795"}],"wp:term":[{"taxonomy":"product_cat","embeddable":true,"href":"https:\/\/aral.com.mx\/index.php\/wp-json\/wp\/v2\/product_cat?post=795"},{"taxonomy":"product_tag","embeddable":true,"href":"https:\/\/aral.com.mx\/index.php\/wp-json\/wp\/v2\/product_tag?post=795"}],"curies":[{"name":"wp","href":"https:\/\/api.w.org\/{rel}","templated":true}]}}